-119). What is the greatest common divisor of 28 and b?
14
Suppose 0 = u + u + 16. Let l be 2/(u/(-60)) - -1. Calculate the highest common divisor of l and 40.
8
Let k = -7 + 9. Suppose -k*b + 2*q + 18 = -b, 2*q + 90 = 4*b. What is the highest common factor of b and 3?
3
Let k be ((-10)/(-20))/(4/88). What is the highest common divisor of 11 and k?
11
Let a(l) = l - 10. Let o be a(8). Let v(s) = s**3 + 11*s**2 + 12*s + 14. Let d be v(-10). Let r be 24*1/d*o. Calculate the greatest common divisor of 8 and r.
8
Suppose l + 3*o - 1690 = 0, 4*l - 9*o = -4*o + 6794. Calculate the greatest common factor of l and 53.
53
Let z be (-3 - 0)*(-11 + -1). Suppose 0*v = -2*j + 4*v, -3*j + 8 = 2*v. Suppose 2*q - 96 = -j*q. What is the highest common factor of q and z?
12
Let y = -66 + 66. Let r = 56 + y. What is the greatest common factor of r and 8?
8
Suppose h + 104 = m, -3*m = 3*h + 138 - 456. Let r(q) = 4*q**2 - 1. Let w be r(-2). What is the highest common factor of w and m?
15
Let z(m) = -m**3 + 7*m**2 + m - 7. Let v be z(5). Suppose -4*p = -0*p - v. Suppose 7*a + 147 = 819. Calculate the highest common factor of a and p.
12
Suppose -j + 0*j = -10. Let n = 28 - -72. What is the greatest common factor of j and n?
10
Let f(b) = b + 2. Suppose -m = s + 19, -7*m - s - 115 = -2*m. Let n be 18*(-2)/m*4. Let i be f(n). Calculate the highest common factor of i and 40.
8
Let o be 29/2 + (-6)/4. Let l be (-156)/(-3)*(3 - 2). Let k be (l/8 + 0)*2. Calculate the greatest common factor of o and k.
13
Let m be ((-30)/(-4))/((-1)/(-4)). Let k be ((-210)/45)/((-1)/45). Calculate the highest common divisor of k and m.
30
Suppose 3637 = 15*c - 2078. What is the greatest common divisor of 3 and c?
3
Let l = -40 - -51. Let h be -9 - 1/(0 + 1). Let j be (-766)/h - 2/(-5). What is the highest common factor of j and l?
11
Suppose 0 = 2*i + 3*i - 290. What is the highest common divisor of 232 and i?
58
Suppose -2*m + 73 - 5 = 0. Let w be (204/60)/(2/5)*6. Calculate the greatest common divisor of w and m.
17
Let f(a) = a**3 + 27*a**2 - 29*a - 24. Let w be f(-28). Suppose w*d - 3*c - 36 = 0, -3*c - c = -5*d + 44. What is the highest common factor of d and 8?
4
Let a be (-14*2)/(14/(-28)). Calculate the greatest common factor of 14 and a.
14
Suppose -2*v - 16 = -6*v. Let f = v + -1. Suppose -4*d + 3*d + 136 = 5*a, -3*a + 4*d + 77 = 0. Calculate the highest common factor of a and f.
3
Let c = 25 - 12. Suppose -7*a - 126 = -i - 4*a, 2*i = -a + 231. Calculate the highest common factor of i and c.
13
Let q = -15 + 11. Let y = q - -25. Let w(n) = 85*n**2 - 2*n + 1. Let d be w(1). What is the highest common factor of d and y?
21
Let v(d) = -116*d + 180. Let g be v(-3). What is the highest common factor of 132 and g?
132
Let y(p) = -p**3 + 20*p**2 - 24*p + 239. Let w be y(19). Calculate the greatest common divisor of 132 and w.
12
Let q = -37 + 40. Suppose -140 = -2*g - q*g. Suppose 3*i = 2*i + 14. What is the highest common divisor of g and i?
14
Suppose -29*u = -36*u + 693. Calculate the greatest common divisor of 18 and u.
9
Suppose 28*k = 11*k + 3570. What is the highest common factor of k and 90?
30
Suppose 23 = -7*j + 156. Calculate the highest common factor of 247 and j.
19
Let c(z) = 17*z**2 + 6*z + 16. Let w be c(-2). Calculate the greatest common divisor of 8 and w.
8
Let x = 289 + -154. Let w = x - 63. Calculate the highest common factor of 48 and w.
24
Suppose 24*j - 93 = -4*f + 21*j, -3*f - j = -66. Suppose -v = 3*v - 4. Let t = v - -6. What is the highest common factor of f and t?
7
Let j be (0 + -6)/(6/(-52)). Let f(w) = -w**3 - w**2 - w + 26. Let r be f(0). Suppose 0 = -h - h + r. Calculate the highest common divisor of j and h.
13
Let t(m) = 43*m + 16. Let p be t(1). Suppose -y = 2*y - 9. Suppose p = 7*r - y*r + 3*g, -5*r - 4*g = -74. Calculate the greatest common divisor of 35 and r.
7
Let k be 510/25 + 2/(-5). Suppose 5*c - 4*r - 148 = 0, -4 = -c - 2*r + k. Calculate the highest common divisor of 4 and c.
4
Let x(o) = 45*o**2 - 3*o + 3. Let m be x(1). What is the greatest common factor of m and 30?
15
Let h be -3*(0 - (-57)/(-9)). Let g = 450 - 308. Let m = -9 + g. Calculate the highest common divisor of m and h.
19
Let u = -9 - -9. Let c be u - 61 - (-1 - 3). Let p be 1/(-1*3/c). What is the greatest common factor of p and 76?
19
Suppose t + 3*c + 5 = -0*c, -t - c + 1 = 0. Let z be 512/(-16)*(-2)/t. Calculate the greatest common divisor of z and 40.
8
Suppose -86 = -5*v - s, -3*s = 10*v - 6*v - 60. Calculate the greatest common factor of v and 204.
6
Let s = -1429 + 1453. Let g = -18 - -7. Let q = -7 - g. Calculate the highest common factor of s and q.
4
Suppose -8 = 13*m - 177. Calculate the greatest common divisor of m and 377.
13
Let o(w) = w**3 + 10*w**2 - 13*w - 62. Let d be o(-7). Let t = 22 + -15. Let g be 2 + t/(-2)*-4. What is the greatest common factor of g and d?
16
Suppose -3*z + 30 = 5*u, -u = 5*z + 183 - 233. Suppose 0 = j, 0*w - 4*j + 10 = w. What is the highest common divisor of z and w?
10
Let u = -14 + 24. Let g = u - -22. What is the highest common divisor of 80 and g?
16
Suppose 0 = -28*j + 36*j - 24. Suppose 33 = w + m, 2*w = j*w - 3*m - 13. Calculate the highest common divisor of 2 and w.
2
Let q = -1468 - -1611. Calculate the highest common divisor of q and 156.
13
Suppose -f = -l - 34, -3*f - 2*l + 124 = f. Let w(t) = -t**2 - 10*t + 16. Let b be w(-14). Let i = b - -200. Calculate the highest common divisor of f and i.
32
Let q = 35 + 41. Suppose -6*s + 2*s + 12 = 3*a, 5*a + 3*s = 20. Suppose 2*j - 42 = -a*m + 38, 2*j - q = -5*m. What is the greatest common divisor of 6 and j?
6
Let l(r) = -r**2 - 13*r + 12. Let k be l(-14). Let u(s) = -s**3 + s**2 + 5*s + 5. Let m be u(k). Calculate the greatest common factor of 49 and m.
7
Let m be 97 - (12 + -8 - (9 + -4)). What is the greatest common divisor of m and 245?
49
Let n(d) = -2*d**3 - 14*d**2 - 22*d + 8. Let z be n(-5). Calculate the greatest common factor of 180 and z.
18
Let u be (-505)/(-4) - (-1)/(-4). Let i = -669 + 683. What is the greatest common divisor of i and u?
14
Let p(i) = -i + 7. Let b(r) = -r + 8. Let d(h) = -4*b(h) + 3*p(h). Let c be d(11). Suppose n + 9 - 11 = c. What is the highest common factor of n and 14?
2
Suppose 3*r - 1253 = -365. What is the highest common factor of 8 and r?
8
Let a be -3 - 11/(88/(-696)). Calculate the highest common factor of a and 96.
12
Suppose 3*h = 332 - 44. Let q = -62 + h. Calculate the greatest common divisor of 85 and q.
17
Let q be (-18)/(-12)*16/6. Calculate the highest common factor of 10 and q.
2
Let c = -224 - -231. Suppose -4*r + 2*r + 6 = -n, n = 3*r - 10. Let k(p) = 10*p**2 - 2*p - 1. Let m be k(n). What is the greatest common factor of c and m?
7
Suppose 3*l = -2*l. Suppose 13*q - 15*q + 64 = l. Suppose 0*f = -3*d + 3*f + 12, -20 = -5*d - 2*f. Calculate the highest common factor of q and d.
4
Suppose 0*x + 5*x + 15 = 0. Let q be x/(12/(-52))*1. Suppose 3*c = -4*k - 80 + 337, -3*k = -5*c - 200. Calculate the highest common factor of k and q.
13
Let j = 172 + -159. What is the greatest common divisor of 13 and j?
13
Suppose 0 = 3*d - 15, 0*d - 13 = -s - d. Suppose -3*o + s*o + 2150 = 0. Let n be 4/6 + o/(-30). What is the greatest common factor of 10 and n?
5
Suppose -2*n = -2 - 14. Suppose 3*f = n*f + 3630. Let b be (-14)/(-21)*f/(-4). What is the greatest common factor of 11 and b?
11
Let m(y) = -y**2 + 6*y + 18. Let c be m(7). Calculate the greatest common divisor of c and 77.
11
Let x = 20 + 22. Let v(f) be the first derivative of f**4/4 + 8*f**3/3 + 3*f**2 - 1. Let z be v(-7). Calculate the highest common divisor of z and x.
7
Let y be ((-9)/((-18)/28))/2. Let u = -2 - -12. Suppose u*m - 77 = 9*m. Calculate the greatest common divisor of m and y.
7
Suppose 19*y + 109 = 223. Suppose 0 = -i + 2*i - 66. Calculate the greatest common factor of i and y.
6
Let k = -1078 + 1084. Suppose 2*c = 13 - 1. What is the greatest common divisor of k and c?
6
Let k be ((-22)/3)/(3/72*-1). Calculate the greatest common factor of k and 132.
44
Let q be 2/(-6)*-3 + -8 + 14. Let k be -2 + 483 - (11 - q). Calculate the greatest common factor of 53 and k.
53
Let b be 624/40 - 6/10. Let i be (1*32)/((-5)/(-15)). Let x = i - -39. What is the greatest